t w = 28 - 71. Let o = w + 43. Suppose 26*m - 21*m - 645 = o. What is the hundreds digit of m?
1
Let n = 63 + -59. Suppose 3*b + n*t = 3*t + 4, 0 = 2*b - 3*t - 10. Suppose -9*a + 252 = -b*a. What is the tens digit of a?
3
Suppose 77*m - 31*m - 31*m - 187605 = 0. What is the ten thousands digit of m?
1
What is the thousands digit of 6 + 9434 - (96/32)/((-1)/1)?
9
Suppose -3*w + 55*u = 59*u - 6999, -w - 5*u = -2322. What is the tens digit of w?
3
Suppose -93615 = 63*z - 540308 - 188536. What is the tens digit of z?
8
Let h be ((-4)/(24/(-57)))/(3/234). Suppose 3519 = 12*l - h. What is the tens digit of l?
5
Suppose -3755*h + 3752*h + 20212 = 4*n, 0 = 4*h + 4*n - 26956. What is the units digit of h?
4
Let w = -1062 + 1803. Let c = -537 + w. What is the hundreds digit of c?
2
Let r(q) = -3*q + 9. Let b(u) = 2*u - 4. Suppose -n + 10 = 3*p, 2*n + 2*p = -2*p + 10. Let i(v) = n*b(v) - 3*r(v). What is the units digit of i(-12)?
5
Let o = -71 + 73. Let u be (((-56)/35)/1)/(o/(-15)). Suppose -8*q = -u*q + 524. What is the hundreds digit of q?
1
Let b(q) = 14*q - 10. Let p(g) = 15*g - 10. Let w(c) = 3*b(c) - 2*p(c). Suppose 2 = -5*s + 12. What is the units digit of w(s)?
4
Suppose -u - 33200 = 137*u - 183068. What is the units digit of u?
6
Let z be (8/(-2))/(6*(-5)/60). Suppose -16055 = -11*c - z*c. What is the hundreds digit of c?
8
Let x be (-1)/(-2) - (2 + (-25)/10). Let u(d) = 251*d**3 - 2*d**2 + 1. What is the tens digit of u(x)?
5
Suppose 498*j = 495*j - 198. Let l be (3 + 222)/(-3) - 1. Let r = j - l. What is the tens digit of r?
1
Suppose -94*y = 54543 - 466263. What is the thousands digit of y?
4
Let v = 3651 - 6651. Let b = 4770 + v. What is the units digit of b?
0
What is the ten thousands digit of 8/(-12) + (13668/(-18) - 4)*-71?
5
Let x(y) = y**3 + 28*y**2 + 12*y - 131. Let z be x(-27). Suppose -41 = -g + 359. Let t = g - z. What is the hundreds digit of t?
1
Suppose 2*r - 69161 = -20*r + 6497. What is the tens digit of r?
3
Let o be (-1)/(-3)*(1 - -8). Suppose 2 = o*l - 4. Suppose 0 = -t + 2, l*i + i - 275 = 2*t. What is the tens digit of i?
9
Suppose 28*l + 197886 = 67*l. What is the units digit of l?
4
Suppose 0 = -6*s + 4*s + 24. Let k be (6/(-4))/((-5)/(-40)*-3). What is the units digit of (-3)/s*-4 + k?
5
Suppose 46*z = 86*z - 403080. Suppose -10*q + 7533 = -z. What is the hundreds digit of q?
7
Let s(j) = -j**3 - j**2 + j + 3. Let u be s(0). Suppose 4 = 2*k - 2*x, 5*x - 4 = -3*k + 18. What is the units digit of u/(-6)*k + 36?
4
Suppose 190 = 8*k + 318. What is the units digit of (-3)/(-12) + (-19100)/k?
4
Suppose 4*x = 5*z - 25, 45 = -0*x - 3*x - 5*z. Let g(r) = -r**3 - 9*r**2 - 15*r + 13. What is the units digit of g(x)?
3
Suppose 2*a = -3*l - 2, 0 = -a - 2*l - 5 + 3. Suppose a*y + 4 = 0, -4*z - 4*y = -z - 3925. What is the thousands digit of z?
1
Suppose 3*j - o - 16 = -6, 5*j + 2*o - 24 = 0. What is the hundreds digit of 1519/13 - j/(-182)*7?
1
Let j(d) = -228*d**3 + 53*d**2 + 26*d + 142. What is the tens digit of j(-6)?
4
Let x be (-406)/4*(-10)/(-6)*12. Let i = x - 584. What is the tens digit of i/(-18) + 20/(-90)?
4
Let k be (2*31/(-6))/((-2)/6). What is the units digit of 1*-1*(-1612)/k?
2
Suppose 132 = -0*y + 3*y. Let q = y + -36. What is the hundreds digit of (-4)/q*172*-3?
2
Suppose -3*s + 13*z = 19*z - 87066, -5*s - 3*z + 145131 = 0. What is the ten thousands digit of s?
2
Let q = 707 + 13011. What is the hundreds digit of q?
7
Suppose -4*q + 2*h = -53986, 17*q + 4*h + 13528 = 18*q. What is the ten thousands digit of q?
1
Suppose 2*c = -2*z - 2, 5*z + 8 = c - 5*c. Suppose -3*o + c*r = -219, o = 2*o - 2*r - 70. What is the tens digit of o?
7
Let o be (2828/36)/(-7) + (-8)/(-36). Let r(y) = -y**3 - 10*y**2 + 12*y + 26. What is the tens digit of r(o)?
1
Suppose w = 3*g + 2*g + 2914, -3*w - 3*g = -8814. What is the tens digit of w?
3
Suppose 15921 = 9*j - 2457. What is the units digit of j?
2
Let l = -405 - -591. Let j(w) = w**2 + 28*w + 54. Let u be j(-26). Suppose -u*a + 7*a - 3*q = l, -182 = -5*a + q. What is the units digit of a?
6
Let m(n) = -761*n**3 - 3*n**2 + n + 2. Let p be m(-1). Suppose 4*b + p = 7*b + 4*c, -4*b = 5*c - 1012. What is the hundreds digit of b?
2
Let m(a) = -22*a**3 + 6*a**2 + 51*a + 72. What is the hundreds digit of m(-9)?
1
Suppose -5*h = 5*g + 125, 4*g = 3*h + 6*g + 79. Let p = 41 + h. What is the tens digit of (-3)/p + 1/((-12)/(-2043))?
7
Let m = -160 + 166. Suppose 5*n - 4570 = -5*t, -2*t + m*n = 4*n - 1828. What is the hundreds digit of t?
9
Let x be ((-105)/14)/15*154. Suppose 0 = -3*l + 4*l + 87. Let p = x - l. What is the units digit of p?
0
Let f = 6566 + -4086. What is the tens digit of f?
8
Suppose 14*t = 17*t - 45. Let f(g) = 8*g**2 - 23*g**2 + 5*g + 4*g**3 - g - 3*g**3 - 5. What is the units digit of f(t)?
5
Let o(t) = -274*t - 274. Let h be o(12). Let z = -2170 - h. What is the hundreds digit of z?
3
Let x(t) = -7*t - 8. Let l be x(-2). Let k be (-4)/l - 44/(-12). Suppose k*c - 136 - 347 = 0. What is the units digit of c?
1
Suppose -12 = 9*z + 6. Let t be z/5 + (-704)/40. What is the units digit of 52/(-39)*(t + 0)?
4
Suppose 198999 = 107*l - 806801 - 68373. What is the units digit of l?
9
Let z = -984 - -11917. What is the ten thousands digit of z?
1
Let t(u) = u**2 + 14*u + 118. Let p(s) = s**2 + 15*s - 4. Let c be p(-13). What is the hundreds digit of t(c)?
5
Let z(c) = c**3 - 26*c**2 - 25*c - 54. Let m be z(27). Let q(i) = 150*i - 4 + 2*i**2 + m*i**2 - 155*i + 14. What is the hundreds digit of q(-10)?
2
Let n be (-4 + 6 + -2)/(-5 + 3). Suppose n = 10*o - 32*o + 66. What is the units digit of o?
3
Let d(n) = n**2 - 12*n - 131. Let y be d(19). What is the units digit of ((-12322)/303)/(y/(-33))?
1
Suppose -35275 = -4*k + 5*t, 4*k + 1216*t - 1219*t = 35277. What is the thousands digit of k?
8
Let y be (-7 + 9)*(0 + (-1 - 1)). What is the tens digit of 93*(3 - 0 - 0) + y?
7
Suppose -q = 4, -2*q = 16*u - 20*u + 20080. What is the units digit of u?
8
Let f = 23764 - 16138. Suppose -57*r + f = -51*r. What is the units digit of r?
1
Suppose -34*o - 139590 = -4*v - 36*o, 0 = v - 5*o - 34859. What is the hundreds digit of v?
8
Let s = -267 - -281. Suppose 10*h - s*h = -1696. What is the hundreds digit of h?
4
Let q(n) = -59*n**3 - 66*n**3 - 2*n**2 + 10 - 2*n**2 + 33*n + 123*n**3. What is the tens digit of q(-9)?
4
Let j(q) = -2*q + 4. Let x be j(2). Suppose x = 3*f - 2*r - 224, 229 = f + 2*f - r. What is the units digit of f?
8
Let c(j) = 3*j**2 - 45. Let r be c(0). What is the units digit of ((-3)/(r/(-2060)))/(4/(-18))?
8
Let u = 172 + -151. What is the units digit of 21/(u/(-3)) - 264/(-1)?
1
Let d be -4 + (24/3 - -4). Let o(l) = l**3 - 8*l**2 + 12*l - 8. Let s be o(d). Suppose -5*t - k + s = -0*k, -5*t - 4*k + 97 = 0. What is the units digit of t?
7
Suppose 27*t - 1933 + 18133 = 0. Let h = 1132 + t. What is the hundreds digit of h?
5
Let o = 104 - 19. Suppose -86*h + 178 = -o*h. Suppose -2*y - 4 = -3*x - h, 4*y + 2*x = 332. What is the tens digit of y?
8
Let o = -795 + 2097. What is the units digit of o?
2
Suppose -5*m = -3*m + 8. Let t(z) = -z - 11. Let i(r) = 15*r - 77. Let u(j) = -i(j) + 6*t(j). What is the units digit of u(m)?
5
Suppose 261 = -5*h + 4*s, -5*h + s = 218 + 31. Let n = h - -118. What is the tens digit of n?
6
Let j(y) be the second derivative of -37*y**3/6 + 9*y**2 + 118*y. Let p be (-2)/(-8) - 29/4. What is the hundreds digit of j(p)?
2
Let a(w) = 20*w - 8. Let n be a(22). Let m = 641 - n. What is the units digit of m?
9
Let z be 2 - (-6*(-6)/18 - 965). Let v = z - -28. What is the tens digit of v?
9
Let d be (1790/(-20))/((-3)/(-12)). Let z = d + 928. What is the units digit of z?
0
Let q(r) = -r**3 - 18*r**2 - 22*r + 15. Let b(l) = -l**3 + 7*l**2 + 10. Let z be b(6). Suppose -22 - z = 4*n. What is the units digit of q(n)?
0
What is the thousands digit of -298 + 299 + -11566*3/9*-3?
1
Let l = 43174 + -25979. What is the tens digit of l?
9
Let j(b) = b - 5. Let d(n) = 29*n - 13. Let t(g) = -d(g) + 5*j(g). Let c = 10 + -15. What is the units digit of t(c)?
8
Let v be 12*(32/56 - 6/(-14)). Suppose 0 = -v*g + 28*g - 5520. What is the tens digit of g?
4
Suppose -5*q - 4*l = -3*l - 23, 2*l + 4 = 0. Suppose -q*k + 310 = -v - 4*v, 5*v = -3*k + 202. Let t = -53 + k. What is